77 = -y. Suppose 5*h + i + t = 4*i, -3*h + 5*i - 9 = 0. Give k(h).
-1
Let b(u) = 3*u**2 + 22*u + 1. Let d(j) = 3*j**2 + 60*j + 15. Let n(m) = -2*b(m) + d(m). Determine n(6).
1
Suppose x - 5*s - 6 = 3*x, x - 3*s - 8 = 0. Let m be (-10)/25*-5 + 4. Let v(y) = -m*y + 0*y + 4 + 8*y - 4*y**2 - 5. Give v(x).
-13
Let o(l) = -3*l**3 + l**2 + 10*l - 9. Let m(b) = 4*b**3 - 9*b + 9. Let w(a) = 2*m(a) + 3*o(a). Let j be w(5). Let u(q) = q**2 - 2*q + 1. Give u(j).
0
Suppose 258 = 192*s - 318. Let f(x) = x**2 - 5*x + 5. What is f(s)?
-1
Let i be (-82)/(-328) + (-15)/(-4). Let a(y) be the third derivative of 1/4*y**i - 1/10*y**5 + 1/6*y**3 + 0 + 21*y**2 + 0*y + 1/120*y**6. Calculate a(5).
6
Let m = -4 + -38. Let x be (-390)/m - (-6)/(-21). Suppose -5*d - 4*d = -x. Let l(u) = 11*u**3 - u**2 + u. Give l(d).
11
Let c(z) = -31*z**3 - 8*z**2 - 4*z - 5. Let q(w) = -62*w**3 - 18*w**2 - 9*w - 11. Let y be (16/12)/(-4)*351/(-13). Let s(i) = y*c(i) - 4*q(i). Give s(1).
-32
Let k(q) be the second derivative of -q**4/12 - 3*q**3/2 + 15*q**2/2 - 7469*q. Give k(-7).
29
Let i(u) = -6*u - 14. Let q(w) = 6. Let l(r) = i(r) + 4*q(r). What is l(8)?
-38
Let l(t) = -t**3 + 8*t**2 - 6*t + 4. Suppose 30*z - 32*z + 2*k + 28 = 0, -7 = -6*z - 5*k. Determine l(z).
11
Let l(h) be the second derivative of 5*h**4/12 + 7*h**3/6 - 3*h**2 - 6905*h. What is l(1)?
6
Let l(c) be the third derivative of -1/6*c**4 + 0 + 0*c + 1/3*c**3 + 234*c**2 - 1/60*c**5. Let r be ((-10)/8)/((-1)/(-4)). Calculate l(r).
-3
Let x(c) = 2*c - 5. Let f(t) = -6*t + 52. Let g(k) = f(k) - x(k). Give g(13).
-47
Let c(i) = -6 + 2 + 6 - i. Suppose -5*o + 3*g + 454 = 0, 0 = -o + 4*g - 2*g + 95. Let d = o - 82. What is c(d)?
-5
Let s(x) = x**3 + 12*x**2 + 9*x - 16. Let j be 1/(-4) - (-258)/(-24)*5. Let v = -127 - j. Let c = v - -62. Determine s(c).
6
Let g(i) be the second derivative of i**4/12 - 4*i**3/3 - 4*i**2 - 4*i. Let b be 276/30 + (-1)/10*-8. Determine g(b).
12
Let z(k) = 17*k**2 - 3*k + 3. Let v be z(1). Let b(s) = -10*s**2 - 16 - 8*s**2 + s + v*s**2. Give b(0).
-16
Let d = -3382 - -3387. Let l(z) = 2*z**3 - 11*z**2 + 18*z - 55. Calculate l(d).
10
Let j(b) = -7*b**3 + 7*b + 13. Let n(x) = -20*x**3 - x**2 + 20*x + 38. Let h(u) = -17*j(u) + 6*n(u). Let y be 352/(-3696) + 130/42 + -9. Calculate h(y).
1
Let r(q) be the first derivative of q**4/4 + 11*q**3/3 + 9*q**2 + 17*q - 3825. What is r(-7)?
87
Let l be 0/(-3) - (0 + 0). Let x(c) = 10*c**3 - 7*c**2 - 15*c - 4. Let n(k) = 13*k**3 - 9*k**2 - 20*k - 1. Let i(v) = 3*n(v) - 4*x(v). Determine i(l).
13
Let d(c) = -95589*c + 11 - c**3 + 10*c**2 + 0 + 95569*c. What is d(8)?
-21
Suppose 163*v - 190 = 136. Let w(f) = 4*f**2 - 9*f + 16. Determine w(v).
14
Suppose 0 = 4*v - v + 3*m - 3, 2*m = -4*v - 2. Let r(k) = 3*k - 5. Let g(u) = -2*u + 1. Let w(y) = v*r(y) - 4*g(y). Give w(-5).
-4
Let t(s) = 4*s**2 - 11*s + 11. Let n be (-5)/(-5) - 8 - -8. Give t(n).
4
Let i(y) = 3*y**2 + 8*y - 3. Let x(j) = -2*j**2 - 5*j + 2. Let h(l) = 5*i(l) + 7*x(l). Let m be ((1 - 0)*(-1 - 0))/1. Let q be 5*((-1)/m - 18/10). What is h(q)?
-5
Let t(p) = -74*p + 364. Let v(x) = -27*x + 133. Let r(l) = 4*t(l) - 11*v(l). Let c be -6 + 0*(-2)/(-4). Calculate r(c).
-13
Let y(b) = -11*b - 113. Let d = -30065 - -30058. Determine y(d).
-36
Suppose -5*j = -2 - 8. Let y(z) = -z - 219 + 2*z**3 + 111 - 18*z**j + 17*z**2 + 106. Give y(-2).
-20
Let t = 17118 + -17113. Let w(s) be the first derivative of -5/3*s**3 + 1/4*s**4 + 1/2*s**2 - 7*s - 2. Determine w(t).
-2
Let i be (6 - 0)*(3 - 21/14). Let g(m) = -m**2 - 4*m - 3. Determine g(i).
-120
Let d = -2830 - -2839. Let x(l) = -l**3 + 5*l**2 + 35*l + 1. Calculate x(d).
-8
Let q(z) be the first derivative of 1/2*z**2 + 15*z + 1/6*z**3 + 51. Let a(x) be the first derivative of q(x). Determine a(7).
8
Let w(d) be the second derivative of -1/20*d**5 + 56*d + 0 - 5/12*d**4 - 2*d**2 - 5/6*d**3. Calculate w(-3).
-7
Let l(j) = -j**2 - j. Let a(s) = -5*s**2 + 4*s + 2. Let z(d) = a(d) + 4*l(d). Determine z(-1).
-7
Suppose 4*v + 53 = 5*h + 12, -4*v = 4*h - 4. Let c(s) = 3 - 11 + h*s - 6*s - 2. Give c(-11).
1
Let n(b) be the second derivative of 0*b**2 + 0 + 1/24*b**4 + 1/3*b**3 + 8*b - 1/30*b**5. Let j(h) be the second derivative of n(h). What is j(-4)?
17
Let x(k) = -k**2 + 20*k + 4. Let z(d) = d**3 - 29*d**2 + 31*d - 62. Let y be z(28). Determine x(y).
-40
Let d = -118 - -120. Let t(o) = -o**2 + 0*o**2 + 2*o - 7*o + 2*o**d. Determine t(4).
-4
Suppose -5*t + 16 = 3*x + 10, -3*t + 4*x + 21 = 0. Let i(k) = -k**3 + 5*k**2 - 4*k + 1. Let h be i(t). Let b(p) = p**2 - 9*p - 5. What is b(h)?
-19
Let f(b) = -b + 20. Let t(h) = h**2 - 21*h + 28. Let j be t(16). Let i = j + 62. Give f(i).
10
Let d(q) be the second derivative of -10 + 1/3*q**3 + 1/12*q**4 - 2*q**2 + 8*q. Give d(-3).
-1
Let n(d) = 2*d + 46. Let w be n(-23). Let z(t) = -76*t + w + 0 - t**2 + 5 + 66*t. Calculate z(-11).
-6
Suppose -2*h = -4*h. Let s(m) = 865*m - 4. Let n(i) = 11676*i - 54. Let g(u) = -2*n(u) + 27*s(u). What is g(h)?
0
Let d(l) = 3 - 478*l**2 - 3*l + 3*l - 3*l + 479*l**2. Give d(4).
7
Let q be (-34409)/5928 - -6 - 2/13. Let g(b) be the third derivative of 1/6*b**3 - q*b**4 + 0 - 29*b**2 + 0*b. Calculate g(1).
0
Let j(l) = 109 + 3*l - 123 - 13*l + 8*l. Determine j(-4).
-6
Let x(l) = -12*l**2 - 15*l + 41. Let v(h) = 14*h**2 + 19*h - 51. Let b(r) = -4*v(r) - 5*x(r). Suppose -p + 3*u + 12 = 8*u, -3*p - 2*u = -10. What is b(p)?
13
Let d = -1 + 4. Let s(x) be the third derivative of x**6/360 - x**4/24 + 166*x**3/3 - 298*x**2. Let p(z) be the first derivative of s(z). Give p(d).
8
Let z(m) = -8*m**3 + m**2 - 1. Let q be ((-5004)/(-18))/(8/4). Let t = -140 + q. Determine z(t).
8
Let v(t) = -6337 - 8*t + t**2 + 12666 - 6410. Determine v(-7).
24
Let k = 5516 + -5501. Let d(u) = -2*u - 2. Determine d(k).
-32
Let l(u) = u**3 - 22*u**2 + 2*u - 39. Let g be l(22). Let p(x) = 7976*x + 0 - 7977*x - g. Suppose -3*j + 3 = -2*f, 9 = -4*f + 3*f - j. Give p(f).
1
Let o(r) be the first derivative of -r**3/3 - 2*r**2 + 4*r - 1602. What is o(6)?
-56
Let a(b) = -30*b**3 - 36*b**2 - 47*b + 198. Let s(c) = -23*c**3 - 27*c**2 - 35*c + 151. Let q(u) = 10*a(u) - 13*s(u). Give q(-6).
-1
Suppose -j + 10 = c, -7*c + 8 = -2*j - 2*c. Let n(z) = -j*z**2 + 20*z**3 - 27*z**3 - 5*z + 6 + 8*z**3. Determine n(7).
20
Let z(j) = 3*j - 2*j + j + 182 - 85 - 96. Let p = -5 + 8. Give z(p).
7
Let v be 182/56 - (-1)/(-4). Let k(t) = -4*t + v*t - 1 - 2*t + 4*t. Suppose 0 = d + 3*d. What is k(d)?
-1
Let x = -1135 + 1122. Let n(k) = -k - 31. Determine n(x).
-18
Let z(h) = h**3 - 3*h**2 - 11*h - 4. Let v(x) = -x**3 + 2*x**2 + 9*x + 4. Let r(y) = 5*v(y) + 4*z(y). Give r(-2).
2
Let v(x) = 2*x - 14. Let s be (-7 + -13 - -42) + 3. What is v(s)?
36
Suppose 29*o - 18*o = 40*o - 290. Let x(h) = h**2 + 15*h - 242. Determine x(o).
8
Let q be 18 - 3 - (-2)/(-2). Suppose -24 = -q*n + 8*n. Suppose -12 = -n*x - 4. Let f(u) = u**2 - 2*u + 3. Give f(x).
3
Let b(m) = -5*m - 11. Let p(j) = j + 3. Let w(n) = 2*b(n) + 9*p(n). Let c(g) = -2*g + 18. Let u be c(12). Let d = -1 - u. Give w(d).
0
Let t(v) = -v**3 - 7*v + 16. Let f(j) = -j**3 + 2*j**2 - 7*j + 15. Let y(l) = 5*f(l) - 6*t(l). Let p(o) = 4*o**2 - 46*o + 13. Let u be p(11). Determine y(u).
-3
Let x(c) = c**3 - 3*c**2 - 2*c - 2. Let l(h) = 81 + 57 + 123 + 10*h - 58. Let a be l(-20). Calculate x(a).
-8
Suppose -54 = -43*y + 37*y. Let r(d) = 9*d - y*d + 7 + d. What is r(-6)?
1
Let z(f) = -3*f + 2. Let l(r) = 1366*r - 1376*r + 5 + 2. Let y(g) = 4*l(g) - 14*z(g). Suppose 0 = -2*j - 0*j - 6. Give y(j).
-6
Let f(c) = -2*c**3 + 92*c**2 - c + 47. Let h be 0 + -3 + (39018/798 - 2/(-19)). What is f(h)?
1
Suppose q = -4*j - 4*q + 28, 22 = j + 5*q. Suppose 0 - 8 = -j*m. Let f(z) = -12*z + m*z - 1 + 9*z. Determine f(0).
-1
Suppose -4*c = -l + 9, 4*l - c - 4 = 2. Let d be ((0 - 2)*l)/(-2). Suppose 0 = -2*n + 3*n + d. Let y(p) = 11*p**2 + p + 1. Calculate y(n).
11
Let m(a) = -a**3 + 19*a**2 - 36*a + 30. Let p be m(17). Let f(n) = -n**2 - 10*n + 14. Give f(p).
38
Let q(a) be the second derivative of -a**4 - a**3/3 - a**2/2 - 2754*a. Determine q(1).
-15
Let o(y) be the second derivative of -3/2*y**3 + 88*y + 0 - 1/2*y**2. What is o(-2)?
17
Let u(q) be the second derivative of q + 2/3*q**3 - 1 - 2*q**2. What is u(3)?
8
Let c(h) = 12*h -